e value of -3 - 12 - (-2 - 4 - (-158 + 148))?
-19
What is the value of 1 - (-8 - 0) - 11?
-2
What is 10 + -9 + -1 + 1 + 9 + -1?
9
What is (6 - 3) + (-17 - -13) + 6?
5
(-3 - -4 - (-17 - 5)) + -6 - 8
9
Evaluate (1 + 10 - 2) + -227 + 230.
12
Evaluate 3 + -6 - (-55 + 47).
5
(20 - (-28 + 49)) + -2
-3
What is 2 - 1 - -5 - -10?
16
Calculate (0 - -8) + -7 + (-2 - -10).
9
Calculate -7 + 1 - (-22 + 5 + (-1 - -7)).
5
What is -6 + 45 + -7 + (-3 - -2)?
31
Evaluate -7 + (-3 - -19) + -12.
-3
25 - (4 - -7 - 18 - (-14 - -4))
22
Evaluate 0 - -7 - (11 + (7 - 0)).
-11
(-28 - -18) + -7 + (4 - 9)
-22
27 + ((-10 - -10) + -1 - -2)
28
What is the value of (2 - 5 - -27) + (-3 - 6)?
15
Calculate 9 + 23 + 17 + -28.
21
(-19 - -13) + -4 + 11
1
(0 - -8) + -325 + 313
-4
1 - (0 + 4 + -1)
-2
Calculate -2 + (18 - 7) - 8.
1
53 + -27 + -29 - (0 - 6)
3
Calculate (2 - -1) + 92 + -81.
14
Calculate (5 - 12) + (7 - (5 - 9)).
4
What is the value of 5 + (-5 - 10) + 10?
0
Evaluate 27 - (6 + 11) - (-6 + 17).
-1
(1 - 1) + (-2 - 1) + -15 + 12
-6
Evaluate 10 - ((21 - -26) + -50).
13
2 + -7 + -3 - (14 - 8)
-14
Evaluate -5 + (-2 - -3) + -8 + 11 + -21.
-22
What is (65 - 50 - (7 - -2)) + -6?
0
0 - -14 - (-117 - -136)
-5
What is 19 - 1 - 1 - 15?
2
Calculate 0 - 10 - (7 + (3 - -1)).
-21
What is the value of (4 - (5 + 0)) + 7?
6
What is 11 + 35 + (-13 - 9)?
24
What is the value of 4 + (-77 - -84) + 1 + -1?
11
What is -7 + (16 - (-15 + 31))?
-7
Evaluate 34 + (-46 - (-12 + 35)).
-35
What is the value of 5 + -1 + 15 + -16 + 17 + -39?
-19
What is 15 + -12 + -1 + -14?
-12
What is the value of -8 - -2 - (169 - 167)?
-8
Calculate 0 + 14 + (1 - -8 - (-85 + 99)).
9
Evaluate -14 + 15 - 9 - (-8 - -1).
-1
-4 - (-2 + 17 + -17)
-2
((2 - 3) + 15 - -1) + (86 - 89)
12
What is -2 + -6 + 10 + 2 + (0 - -4)?
8
What is the value of -6 - (-35 - ((-1 - 12) + 5))?
21
9 + -17 - ((-4 - -5) + 5 - 4)
-10
What is 2 - (1 + 1) - (285 - 301)?
16
Calculate 4 + (3 - 13) - (-195 + 190).
-1
-4 - (-5 - (0 + -9 + 3)) - 2
-7
Evaluate -19 + 3 + 12 - 4.
-8
Evaluate -1 + (-2 - -5) + -4 - (-93 + 90).
1
What is (12 - 29) + 27 + 5?
15
Calculate (11 - 18) + -5 + 4 + -1.
-9
Calculate -10 - (-4 - (17 + -10)).
1
What is -2 + ((-1 - -11) + -21 - (25 - 6))?
-32
What is 0 + 0 + (35 - 59) + 37?
13
What is the value of 1938 + -1963 - (0 - 19)?
-6
What is the value of (12 - 20) + -2 - 4?
-14
Calculate (1 - 20) + (-155 - -180) + 3.
9
What is (-24 - -6) + 32 - (2 - (0 + 1))?
13
Calculate 380 + -384 - (-24 - (6 - 2)).
24
What is the value of 7 + (9 + -47 - -13)?
-18
What is the value of -183 - -196 - (-2 + 19)?
-4
Calculate 10 - (-7 + (-10 - -16)).
11
Calculate (11 + -15 + -2 - 6) + -1 + 5.
-8
Calculate 2 + 2 - (-1 - (-6 + 21) - -21).
-1
What is (-40 - (8 + -15)) + -4?
-37
What is the value of -11 + 7 - (-7 - -10)?
-7
Calculate (29 - (3 - -4)) + (2 - (2 + -3)).
25
What is 20 + -18 + (-1 - 1) + 4 + -8?
-4
(54 - 36) + (0 - 21)
-3
(-197 + 184 - (-7 + -1 + 2)) + -14
-21
1 + 0 + (1 - 18) + -953 + 952
-17
(-1 - 4 - (-4 - 29)) + -10
18
Calculate (14 + -20 + 0 - 8) + 0 + -5.
-19
What is -158 + 167 + (-3 - (1 - 3))?
8
Evaluate -2 - (-5 - 1 - -4) - (-4 - -7).
-3
Calculate -6 + -5 - (-48 - -26).
11
What is the value of 0 + (4 - 0 - (6 + -6)) + 8?
12
What is -8 + (2 + (-7 - -5) + 4 - -13)?
9
What is (-16 + 3 - ((8 - 5) + -5)) + 7?
-4
Evaluate 13 + 34 + 105 + -168.
-16
What is -1 - (8 + -5 - 9)?
5
What is the value of (-3 - -1) + (-4 - (41 - 19)) + -3?
-31
28 - 17 - -5 - 0
16
7 + -12 + -13 - ((-12 - -5) + -1)
-10
Calculate (-5 - 4) + 9 + 5 + -7 - 2.
-4
What is the value of 1 + (-13 + -7 - -18 - (4 - 1))?
-4
(10 - -1) + -22 + (1 - (1 + 0))
-11
Evaluate -9 + -31 + 49 - (-7 + 1 + -1).
16
Calculate -4 - 6 - -26 - (8 + -5).
13
Calculate -15 + (-3 - 11 - -13).
-16
What is (-43 - -6) + -2 + 25?
-14
(-6 - 1 - -21) + -19 + (-16 - 1)
-22
-37 + (-26 - (-60 + 9))
-12
Evaluate (120 - 118) + (7 - -1).
10
What is the value of 5 + -8 - -2 - (0 + (5 - -1))?
-7
Calculate (5 + -2 - -7) + -13 - 0.
-3
(-15 - -15) + 33 + -26
7
Calculate (-11 - -20 - 45) + 21.
-15
Evaluate 0 + -22 + -3 + 23 + -11.
-13
Evaluate -23 - (20 - (40 + -11)).
-14
(6 - -2) + -11 + -6
-9
What is 45 + (-8 + -32 - 25)?
-20
Evaluate (-16 - (1 - 2)) + 7 - -7.
-1
-9 - (-1 + 9 + (-18 - -19) + -8)
-10
Evaluate (12 - (33 - 20)) + -5 + 1.
-5
What is -17 + -2 + -28 + 46?
-1
Evaluate -28 + (35 + -11 - 21).
-25
-6 - (24 + (2 - 23))
-9
25 + -87 + (4 - -29)
-29
Calculate 68 - (7 - (14 - 43)).
32
What is -3 + 13 + -22 - -5?
-7
What is the value of (20 + -11 - -6) + -11?
4
What is the value of -407 + 431 + 0 + -29?
-5
What is 2 - ((34 - 25) + 3)?
-10
1 - (-6 - (1 - 6)) - -5
7
What is (1 + 2 + 6 - 16) + 11?
4
Evaluate 18 + (28 + 3 - 44).
5
13 + (2 - (43 - 24))
-4
What is -1 + -15 + (-21 + 0 - (-193 - -165))?
-9
What is the value of -14 - (-29 + 16) - 7?
-8
Calculate (0 - 7) + (2 - 4 - 12) + 21.
0
What is the value of -16 + (-9 - (0 + -9)) + 9?
-7
What is (6 - (5 + (14 - -2) + -6)) + -1?
-10
Evaluate (-20 - -8) + (-14 - -33).
7
What is 0 + (-4 - (9 + -9))?
-4
Evaluate 5 - -16 - 21 - (4 - (-2 - -1)).
-5
Evaluate (9 - 2) + (1 - 3) + (55 - 43).
17
Calculate (11 + -3 - 7) + -3 + (3 - 17).
-16
What is (-39 - 15) + 18 + 20?
-16
Calculate 7 - 4 - -1 - (-3 - -4 - -2).
1
What is the value of 2 - -17 - (-117 + 128) - (2 - 9)?
15
What is the value of (2 - (-6 - -2)) + -17 - (8 + -10)?
-9
What is 24 - 15 - -2 - 9?
2
What is -33 - (-28 - (13 - 16))?
-8
Calculate 139 + -134 + (3 + -3 - -2) + 9.
16
(-4352 - -4346) + -4 + (-1 - -3 - 1)
-9
What is the value of -4 - (39 + (-56 - 10))?
23
Evaluate -4 - ((9 - -1) + (-17 - -6) + 8).
-11
What is -7 - -1 - (-1830 + 1861)?
-37
Calculate -19 + 8 - 14 - -39.
14
-16 + (-2 - (8 - (-6 + 19)))
-13
Evaluate (-36 - -37) + -7 - 5.
-11
Calculate (-2 - -12) + -13 - (-5 - -13).
-11
What is 189 + -169 + -6 + 0?
14
What is the value of (-2 - 0 - (11 + -16)) + -6 + -5?
-8
Evaluate -25 - (-13 - (7 + 13 + -24)).
-16
(91 - 69) + 6 + -28 + (0 - 24)
-24
Calculate 1 - (10 + -3) - (0 + -12 + 12).
-6
-2 + 14 - ((-56 - -59) + (8 - -1))
0
What is -2 - (-8 + 2 + -11 + 10)?
5
69 + -71 + -3 + 6 + 2
3
What is the value of (33 - 63) + 16 - (-8 - -1)?
-7
Calculate -5 + -4 + (-8 - -12) - -8.
3
25 - 30 - (1 - 7) - 8
-7
What is the value of 5 - (0 - (4 + -6)) - (1 - 8)?
10
What is the value of 552 - 525 - (-1 + 25)?
3
24 + (2 - (-1 - -23))
4
Evaluate 1 + -5 + ((-18 - 6) + 5 - -20).
-3
What is 24 + (-10 - 22) + -14?
-22
Calculate 59 + -54 - (0 - (-2 + 0)) - 11.
-8
Evaluate 19 - (1 + 17 - -11).
-10
What is the value of -23 - (-46 - -34) - -35?
24
What is the value of -1 + 16 - 34 - 4?
-23
What is the value of 12 - (-8 - (-7 + -3) - -8)?
2
Evaluate -13 + (4 + 1 - (4 + (4 - -1))).
-17
What is the value of (2 - (4 - -5)) + 10 + 9 + -36?
-24
Evaluate (13 - (-5 - -19)) + 2 + -3.
-2
Evaluate -22 + 24 - (5 - -1) - -1.
-3
Evaluate 11 + (4 - 1 - (88 + -103)).
29
What is the value of (-10 - (-29 - -13)) + 0?
6
What is the value of 3 + (61 + -66 - (0 + -4))?
2
Evaluate 5 + -14 + 3 + -10 - -4.
-12
What is -27 - -54 - (19 - -2)?
6
Calculate (6 - -6) + -11 + 5 + -8.
-2
What is the value of (-7 - (-15 + 23)) + -5?
-20
4 + (2 + -4 - -2) - -1
5
Evaluate 0 - (19 - (5 + -4)) - -5 - -2.
-11
-3 + 4 + -21 + 41
21
What is -4 + 4 - (11 + -13 + -10)?
12
What is (-24 - (25 - 50)) + (0 + -2 - 2)?
-3
9 - ((-6 + 0 + -2 - -2) + 2)
13
What is the value of 3 - -1 - (-3 - (-15 + 25))?
17
-2 + (-7 - (5 + -10 + 12 + -10))
-6
What is 4 - (0 + 2) - (27 + -23)?
-2
What is 10 + -8 + (-22 - (-20 - -7))?
-7
Calculate 13 + (-17 + -37 + 20 - 1).
-22
What is the value of -2 + -12 - (-136 + 121)?
1
Evaluate 0 + -5 + (21 - 22) - -6.
0
(-14 - (11 - 44 - -6)) + -14
-1
Calculate 7 + -1 + 2 + (-2 + -2 - 0).
4
What is the value of -40 - ((-58 - -10) + 18)?
-10
Evaluate (-8 - (-17 + 28) - 17) + 6.
-30
What is the value of 55 + (-76 - -22) + 21?
22
-1 + 4 + 4 + -5 + 2 - -2
6
What is the value of 7 + (-1 - -2 - (9 + -13 - -7))?
5
What is the value of -27 + -16 + (12 - 6)?
-37
What is (-12 - 21 - -20) + (-5 - -18)?
0
Evaluate 14 + (10 - 22) - -4.
6
-4 - (-1 - -18) - (2 + 2 + -6)
-19
Evaluate -15 + -8 + 11 + 1.
-11
Calculate -5 + 10 + -5 + (2 - -20).
22
What is the value of (11 - (13 + -11) - (8 - 1)) + 0?
2
What is the value of 5 - (3 + -4 + (-7 - -49 - 2))?
-34
-8 + 14 + 0 + -9 + 28 - -1
26
E